value of 1 - (0 + 3 + 0 - (1203 + -1175))?
26
What is the value of 43 + (-46 - -36) + -25?
8
What is the value of (0 - -4) + 20 + (-24 - (-7 + -17))?
24
What is the value of -1 + -5 + 1 + 8?
3
What is the value of -3 + -1 + (-1 - -8) + (5 - 9)?
-1
23 + (-44 - (4 + -24))
-1
Evaluate -3 + -13 + 4 + (3 - 1) + -3.
-13
Evaluate -4 + 3 + (8 - 1) - (-150 - -148).
8
(12 - 15 - -5) + 9
11
Calculate -10 + 21 + -17 + (-25 - -4).
-27
What is the value of (-30 - -36) + -4 + (3 - 4) + 4?
5
37 - 45 - (4 + 0 + -35)
23
What is the value of 0 - -2 - (32 - (20 - -13))?
3
What is the value of 6 + (5 + -6 - 12) - -1 - 2?
-8
(-5 - -1) + 1 + -8
-11
Calculate (-44 - (21 + -61)) + 0 + -6.
-10
8 - (-14 + 9 - -19)
-6
What is the value of (0 - 6 - 3) + 19?
10
What is the value of -8 + 3 - (96 + -93)?
-8
What is -8 - -7 - 10 - 1?
-12
Evaluate -19 + 2 + 17 + -1 + 15.
14
Evaluate 13 - (5 - (-6 - -2)) - -9.
13
What is the value of 16 + (-2 + -1 - (-159 - -148))?
24
Evaluate (-62 + 41 - (-11 + 3)) + 7.
-6
Evaluate (11 - (16 + -8)) + (6 - (0 + -3)).
12
Calculate 2 + 15 + (9 + 3 - 19) + -12.
-2
Evaluate (1 + -6 - -7) + -6 - (-6 - 2).
4
Evaluate 3 + -6 - -9 - (11 + -6 + 2).
-1
Calculate 28 + -44 + -3 + -2 + -4.
-25
What is (348 - 345) + 4 + 1 + -1?
7
Calculate -22 + (-3 - (2 - 16)).
-11
Evaluate (25 - (3 + -2)) + -13.
11
What is the value of -24 - -36 - -1 - (-5 + 32)?
-14
Calculate -9 + (20 + 5 - 15).
1
What is -7 - (-3 + -2 + 5 + 2 + -6)?
-3
Calculate -13 + 1 + 16 + 3 + (13 - 4).
16
What is 9 - (-4 + 8) - 16?
-11
What is (4 - 1) + 81 + (0 - 68)?
16
Evaluate -3 + -11 + -6 + -1 + 8.
-13
Calculate -6 - ((-3 - -3) + -1 + -19 + 19).
-5
What is the value of -20 + -29 + 20 + 14 + 1?
-14
What is -41 + (-17 - -10) + 40?
-8
Evaluate -7 - 0 - (-10 + 6 + (42 - 73)).
28
-2 + 4 + 8 + -1 + -6 + -6
-3
What is the value of -2 + (19 - 4 - (14 - -2))?
-3
Calculate 10 - ((7 - 22) + 25).
0
Evaluate -2 + -1 + (5 + -20 + 15 - 7).
-10
Evaluate -68 - (33 + -85) - (1 + -37).
20
Evaluate -7 - (4 + -11 + 11 + -10) - 9.
-10
What is the value of 0 + (15 - 16) - -17 - (-3 + -6)?
25
-21 - -31 - 34 - (-8 - -1)
-17
What is the value of 3 + (3 - 10) - 7?
-11
What is the value of -4 + 3 + 9 + -12 - (3 + 25)?
-32
10 - 0 - (144 - 134)
0
What is the value of -10 + 10 + (-3 - 0)?
-3
What is 0 + -12 + (2 - -6) - 5?
-9
21 - (12 - 49) - 27
31
Calculate 9 + 4 - (18 - 15).
10
-9 - (-8 + (-10 - (-17 + 8) - 7))
7
What is the value of 21 + 16 - (33 + 30)?
-26
What is -2175 - -2237 - (49 - 1)?
14
What is -626 - -649 - (-2 - -26)?
-1
Evaluate (4 - 21) + (0 - -20) + -31.
-28
Calculate 21 + (-4 - (24 + -8)).
1
What is the value of 1773 + -1780 - (2 + 0 + -5)?
-4
What is 0 - 0 - ((12 - -9 - 7) + -5)?
-9
What is -6 - 2 - (-40 + 28)?
4
4 - (12 - -15) - -4
-19
Calculate (0 - 1) + 6 - (0 - -11) - 1.
-7
What is -24 + -2 - ((-20 - -5) + (-9 - -23))?
-25
Calculate 17 - (-5 + -18 - -20).
20
What is the value of 0 + 0 + 0 - (7 + -21 - -10)?
4
What is -25 - (-8 + (3 - (1 + -7 - -10)))?
-16
What is the value of 7 + 0 + -9 - -5?
3
Evaluate -16 + -30 + 3 - -33.
-10
-66 + 92 + (-18 - 8)
0
Calculate -25 - (-23 - -28) - -5.
-25
Calculate -18 + (-2 + -1 + 1 - -8 - 4).
-16
-10 + 2 + -4 - (-6 + -25 - -36)
-17
Evaluate -7 + 15 - -6 - (-3 - (-4 + 0)).
13
Calculate (9 - 3) + 8 + -9.
5
What is (34 - 0) + (400 - 413)?
21
Calculate 20 + -19 - (8 + -2 + 1).
-6
Calculate -14 + -16 - -15 - -14.
-1
Evaluate -11 + 18 + 1 + -23.
-15
(1 - -23) + (-33 - -41) + -18
14
-24 + 40 + -18 + -16
-18
What is the value of (-17 - -5 - -3) + 4?
-5
What is the value of 32 + -23 + 0 + -28?
-19
Calculate (-7 + (3 - -2) - -9) + 3.
10
Calculate -8 + (-2 - -7 - -5 - 2 - -12).
12
(21 - 0) + (498 - 500)
19
Calculate (-9 - (-1 - -11)) + (0 - 5).
-24
Evaluate (73 - 21) + -63 + (12 - -1).
2
Calculate -51 - -31 - (-29 - -27).
-18
29 + -56 - (-2 + -14 - 1)
-10
What is 4 + -3 + 28 + -123 + 109?
15
What is -6 - (8 + -3 - (8 + 0) - 17)?
14
12 - (21 + -2 + -20)
13
31 + -1 - (-1490 - -1494)
26
Calculate (7 - 2) + -9 + -1 - (-13 - -2).
6
What is the value of -11 + 21 + -1 + -24?
-15
(-10 - -5) + -5 + 2 + -11
-19
What is the value of (9 - (0 + -3)) + -76 + 47?
-17
Evaluate 10 - 3 - (-20 - -2) - (-20 - -27).
18
What is -3 + 2 + 0 - (-38 - -42)?
-5
What is the value of -11 + 4 + 13 + -13 + (-1 - 0)?
-8
What is the value of 12 + (-6 - ((8 - 9) + 6))?
1
Evaluate 4 - (0 - (-27 + 14 + 1)).
-8
Calculate 32 + -2 + (16 - 62).
-16
Calculate -4 + 2 + 9 - (-9 - -7 - -5).
4
What is the value of -43 + 31 + (11 - -2) + -12 + 0?
-11
2 - -24 - (-22 - (9 + -36))
21
What is the value of 1 - -3 - -1 - (60 - 52)?
-3
What is the value of (-15 - -38 - 46) + 11?
-12
Evaluate (-4 - (15 - 3)) + 12 - (0 + -4).
0
What is the value of 11 - (-12 + -7 + (7 - -3))?
20
(-5 + 6 - -5 - -7) + (4 - 1)
16
What is 17 - (7 - 7 - (-5 + (-1 - 0)))?
11
What is the value of -15 + -2 + 13 + -9 + 9?
-4
Calculate 19 + 15 + (-38 - -12).
8
What is the value of -1 + 2 + (72 - 65)?
8
Evaluate 6 + -8 + (-10 - -18).
6
Evaluate (-20 - -13 - -42) + 8 + -19.
24
Evaluate 19 + -15 - 4 - 8.
-8
Evaluate 8 - (3 + -14 + 3 + 2).
14
Calculate 13 - (-1 - -3) - (-12 - (-8 - 6)).
9
What is 20 + -8 - (8 + (9 - 14))?
9
Evaluate -8 - -17 - (6 + (-6 - (11 - 7))).
13
Calculate -1 + 0 + (15 - (-1 + 8)) + 4.
11
Evaluate (14 - 1) + -2 + (6 + 21 - 27).
11
What is the value of 8 - (-4 - (5 + -16))?
1
Calculate 25 - 25 - (2 + 11).
-13
What is the value of (-1 - -1) + (-7 - (-1 - 10))?
4
(-8 - (-7 + -8)) + -14
-7
What is the value of 363 + -380 - (-20 - 0)?
3
What is (31 - -8) + -26 + (-15 - 0)?
-2
What is the value of -55 + 63 - (2 - 14) - 12?
8
24 + -16 + 8 - 2
14
What is 2 + (-3 - (4 - 6 - 6)) + -9?
-2
What is the value of 7 - (23 + 1 + (-12 - (-28 + 16)))?
-17
Evaluate -5 + (-16 - -12) + 27.
18
What is the value of (124 - 145) + (3 - -9)?
-9
-8 + 0 + 10 + -10 + 3
-5
-170 + 161 + (8 + -6 - (-1 + 14))
-20
Calculate (-1 - -10) + (-24 + -3 + 12 - -13).
7
What is (13 - 41) + -54 + 60?
-22
What is -1 + (0 - -4) + -34 + 31?
0
What is 3 - (-2 + 0) - 2 - (5 + -12)?
10
Evaluate -4 - -8 - ((3 - -8) + -14).
7
What is the value of 30 + -26 - (2 - (-1 - 6))?
-5
Calculate -9 + -4 - (22 + -27 - 25).
17
What is 2 - (-8 + 2) - (-18 - (-7 + -6))?
13
Evaluate -628 - -605 - (1 - 42).
18
Calculate -15 + (21 + -15 - -6) - (3 - 11).
5
What is the value of -3 + (12 + -1 - (9 - 5))?
4
What is the value of -4 + 31 + -51 - (-2 + -10)?
-12
(4 - 8) + -7 - (-3 - (-2 + -2))
-12
What is the value of 44 - (77 + -44) - (1 - (0 + 1))?
11
Evaluate -6 + 6 + -5 + -2 - (-11 + -13).
17
Calculate (0 - -17 - 5) + -7 + 0 + 2.
7
(2 - 2) + 7 + 89 + -89 + 6
13
What is the value of (-21 - -6) + (1 - (-6 + -28))?
20
What is (85 - 80) + (-3 - 8)?
-6
Calculate -3 - 1 - (125 + -146).
17
Evaluate -5 + 12 + 10 + 5 + -9 + -3.
10
Evaluate 23 + (-18 - (0 - -21)).
-16
(0 - (9 - 2)) + -3 + (-30 - -20)
-20
Evaluate (-54 - -33) + (-4 - 1) - (-42 + 34).
-18
-23 + 3 - ((25 - 16) + -13)
-16
What is 2 + (-26 - (-4 - -4)) + 5?
-19
What is the value of 5 + -2 - (24 + (-20 + 4 - -10))?
-15
Calculate -1 - -8 - (-95 - -90).
12
Evaluate 15 + (7 - (32 - 11)) + -28.
-27
Calculate -1 + -1 - (49 + -45) - 5.
-11
What is 8 + 3 + 0 + 0 - (-1 - -2)?
10
6 + (8 + -6 - 5) + -1 + -19
-17
9 + (-1 - 0) + (-38 - -39)
9
Evaluate (3 - (-12 - 7)) + -17.
5
What is the value of (24 - 3) + (108 - 120)?
9
Calculate -463 - -453 - (-4 - 1).
-5
-6 - (21 + -16 - (17 + 7 + -7))
6
-3 + (-27 - -36) + (1 - -1 - 3)
5
Evaluate 22 + (-12 + 10 + -10 - -8).
18
-9 - ((10 - 9) + -8) - (4 + -2)
-4
Calculate -3 - ((-5 + -6 - -4) + 20 - 5).
-11
What is the value of (0 + -5 - -3) + (1 - 2) - 13?
-16
What is (-10 - ((1 - 6) + 0 - -2)) + 11?
4
Calculate (-1 - (-3 + 3 + -3 + 2)) + -11.
-11
What is the value of 1 - (4 + 0) - -2?
-1
What is the value of 3 + -3 + (3 - 5 - (1 + -13))?
10
What is the value of (-1 - (-4 + 7 + -11)) + -1 - 6?
0
Calculate 1 - (-15 + -2) - (-7 + -17 + 30).
12
What is 0 + (7 - 8) - (4 - 3 - -5)?
-7
Calculate -7 - 13 - -52 - 13.
19
Calculate (5 - -1) + (-488 - -508).
26
Evaluate -6 - (-2 - ((6 - -6) + -6)).
2
What is -1 - (0 + 1 - (-8 + 14 - 9))?
-5
Calculate -1 + 1 + 2 + -4 - (-6 + 0).
4
What is (2 + 1 + -1 - -2) + 290 + -314?
-20
What is (22 + -12 - 28) + 9 - -31?
22
What is the value of -61 + 62 + (-6 - -3)?
-2
-61 - (-70 - -42 - -4)
-37
8 + -1 - (